
3, 17, 96179
List the prime factors of 8197066.
2, 4098533
List the prime factors of 3646480.
2, 5, 19, 2399
What are the prime factors of 4761125?
5, 41, 929
List the prime factors of 588067.
541, 1087
What are the prime factors of 237982?
2, 257, 463
What are the prime factors of 295879?
295879
What are the prime factors of 252918?
2, 3, 14051
List the prime factors of 559136.
2, 101, 173
What are the prime factors of 629748?
2, 3, 7, 17
What are the prime factors of 6768305?
5, 263, 5147
What are the prime factors of 276252?
2, 3, 23021
What are the prime factors of 284056?
2, 35507
List the prime factors of 438829.
438829
What are the prime factors of 788104?
2, 29, 43, 79
List the prime factors of 10875987.
3, 23, 52541
What are the prime factors of 1894936?
2, 236867
List the prime factors of 720263.
373, 1931
List the prime factors of 265567.
265567
What are the prime factors of 715415?
5, 23, 6221
List the prime factors of 205028.
2, 51257
What are the prime factors of 16517933?
23, 718171
List the prime factors of 6729766.
2, 167, 20149
List the prime factors of 12187476.
2, 3, 7, 47
List the prime factors of 1652556.
2, 3, 137713
List the prime factors of 550862.
2, 13, 21187
List the prime factors of 406178.
2, 43, 4723
List the prime factors of 13449774.
2, 3, 13, 172433
List the prime factors of 1374828.
2, 3, 7, 13, 1259
What are the prime factors of 900646?
2, 401, 1123
List the prime factors of 288071.
7, 5879
List the prime factors of 657122.
2, 79, 4159
List the prime factors of 187326.
2, 3, 3469
What are the prime factors of 666904?
2, 7, 11909
What are the prime factors of 21257099?
661, 32159
List the prime factors of 63160.
2, 5, 1579
List the prime factors of 6076824.
2, 3, 13, 19477
What are the prime factors of 740543?
131, 5653
List the prime factors of 1754939.
1754939
List the prime factors of 4505565.
3, 5, 19, 15809
What are the prime factors of 3842855?
5, 768571
What are the prime factors of 3982463?
1667, 2389
What are the prime factors of 35029?
23, 1523
What are the prime factors of 299836?
2, 74959
List the prime factors of 3366810.
2, 3, 5, 37409
What are the prime factors of 614825?
5, 24593
What are the prime factors of 250222?
2, 7, 61, 293
What are the prime factors of 11127801?
3, 193, 19219
List the prime factors of 8661121.
7, 31, 167, 239
What are the prime factors of 4613708?
2, 11, 23, 47, 97
What are the prime factors of 285546?
2, 3, 47591
What are the prime factors of 3030846?
2, 3, 7, 13, 61
What are the prime factors of 5383490?
2, 5, 7, 76907
What are the prime factors of 3203566?
2, 1601783
What are the prime factors of 109858?
2, 7, 19, 59
List the prime factors of 1957321.
1957321
What are the prime factors of 2987382?
2, 3, 43, 11579
List the prime factors of 3577656.
2, 3, 149069
What are the prime factors of 485883?
3, 53987
List the prime factors of 1705897.
1705897
What are the prime factors of 514743?
3, 17, 10093
What are the prime factors of 2856628?
2, 149, 4793
What are the prime factors of 449937?
3, 49993
What are the prime factors of 962670?
2, 3, 5, 32089
What are the prime factors of 30790686?
2, 3, 5131781
List the prime factors of 5445766.
2, 2722883
What are the prime factors of 1390947?
3, 463649
List the prime factors of 321749.
31, 97, 107
What are the prime factors of 1974266?
2, 7, 31, 4549
List the prime factors of 66203.
239, 277
List the prime factors of 8712744.
2, 3, 89, 4079
What are the prime factors of 2376575?
5, 95063
List the prime factors of 1180582.
2, 13, 17, 2671
What are the prime factors of 8306660?
2, 5, 67, 6199
List the prime factors of 7202239.
11, 654749
What are the prime factors of 3246566?
2, 1623283
List the prime factors of 18811.
13, 1447
List the prime factors of 11274367.
13, 867259
What are the prime factors of 1163275?
5, 19, 31, 79
What are the prime factors of 1338716?
2, 17, 19687
What are the prime factors of 20638335?
3, 5, 853, 1613
List the prime factors of 8552440.
2, 5, 13, 16447
List the prime factors of 2175946.
2, 1087973
What are the prime factors of 95516?
2, 23879
List the prime factors of 301179.
3, 100393
What are the prime factors of 7077661?
17, 416333
What are the prime factors of 861326?
2, 430663
List the prime factors of 725879.
7, 11, 857
List the prime factors of 2952969.
3, 984323
List the prime factors of 4728219.
3, 1576073
What are the prime factors of 993432?
2, 3, 11, 53, 71
What are the prime factors of 18761827?
7, 2680261
What are the prime factors of 183732?
2, 3, 61, 251
List the prime factors of 29608946.
2, 73, 139, 1459
What are the prime factors of 244583?
244583
List the prime factors of 1320058.
2, 660029
What are the prime factors of 1140038?
2, 19, 1579
List the prime factors of 712680.
2, 3, 5, 5939
What are the prime factors of 21449618?
2, 29, 369821
What are the prime factors of 5856772?
2, 17, 43, 2003
List the prime factors of 134498.
2, 7, 13, 739
List the prime factors of 808110.
2, 3, 5, 41, 73
List the prime factors of 13140.
2, 3, 5, 73
List the prime factors of 267376.
2, 17, 983
List the prime factors of 28719349.
61, 67, 7027
List the prime factors of 23387030.
2, 5, 2338703
What are the prime factors of 3579514?
2, 53, 33769
What are the prime factors of 140831?
140831
What are the prime factors of 66001?
13, 5077
What are the prime factors of 172396?
2, 7, 47, 131
What are the prime factors of 1514354?
2, 263, 2879
What are the prime factors of 27719297?
27719297
What are the prime factors of 9920347?
9920347
What are the prime factors of 5112679?
11, 13, 35753
What are the prime factors of 5897925?
3, 5, 11, 2383
What are the prime factors of 887436?
2, 3, 11, 83
List the prime factors of 18729234.
2, 3, 811, 1283
What are the prime factors of 32899?
167, 197
List the prime factors of 18309.
3, 17, 359
List the prime factors of 8455203.
3, 37, 25391
What are the prime factors of 43126?
2, 21563
What are the prime factors of 8266543?
41, 201623
List the prime factors of 11011698.
2, 3, 41, 43, 347
What are the prime factors of 13369?
29, 461
What are the prime factors of 14775341?
7, 2110763
List the prime factors of 5062231.
23, 89, 2473
What are the prime factors of 81518?
2, 40759
What are the prime factors of 12027678?
2, 3, 13, 41, 3761
List the prime factors of 688249.
688249
What are the prime factors of 3821621?
1597, 2393
What are the prime factors of 12766048?
2, 17, 31, 757
What are the prime factors of 1685763?
3, 97, 1931
What are the prime factors of 2591748?
2, 3, 71993
What are the prime factors of 12969344?
2, 101323
List the prime factors of 139579.
11, 12689
What are the prime factors of 23884147?
7, 3412021
List the prime factors of 1570940.
2, 5, 7, 229
What are the prime factors of 104943?
3, 34981
What are the prime factors of 9238878?
2, 3, 11, 29, 1609
What are the prime factors of 1589016?
2, 3, 11, 13, 463
List the prime factors of 1634398.
2, 67, 12197
List the prime factors of 554535.
3, 5, 12323
List the prime factors of 1938286.
2, 7, 138449
List the prime factors of 14815.
5, 2963
What are the prime factors of 2606458?
2, 19, 113, 607
What are the prime factors of 10987524?
2, 3, 305209
What are the prime factors of 431680?
2, 5, 19, 71
List the prime factors of 2149263.
3, 47, 5081
List the prime factors of 1635717.
3, 545239
List the prime factors of 193703.
193703
What are the prime factors of 2287879?
11, 23, 9043
List the prime factors of 21737841.
3, 103, 683
What are the prime factors of 457114?
2, 7, 103, 317
What are the prime factors of 102632?
2, 12829
List the prime factors of 6774550.
2, 5, 157, 863
What are the prime factors of 4580339?
4580339
What are the prime factors of 16032682?
2, 929, 8629
What are the prime factors of 41151965?
5, 719, 11447
List the prime factors of 3341960.
2, 5, 29, 43, 67
List the prime factors of 1689315.
3, 5, 112621
List the prime factors of 3756699.
3, 19, 2441
List the prime factors of 1798065.
3, 5, 19, 701
List the prime factors of 260081.
260081
What are the prime factors of 354808?
2, 44351
What are the prime factors of 333158?
2, 7, 53, 449
List the prime factors of 22783.
22783
What are the prime factors of 18227689?
17, 29, 36973
What are the prime factors of 2527499?
13, 199, 977
Li